6 - 2 - 4 - f?
0
Let v = -1344 - -2627. What is the units digit of v?
3
Let w = 10 - 8. Suppose -324 = -11*r + w*r. What is the tens digit of r?
3
Let q be 19/2 + 2/(-4). Let n = q - 15. What is the tens digit of (2 + n/9)*18?
2
What is the thousands digit of 20/150 + 24598/15?
1
Suppose m - 5 + 1 = 0. Suppose -b - 43 = t - 168, 540 = m*b - 4*t. What is the hundreds digit of b?
1
Suppose 8*g - 1004 = -5*t + 5*g, -t + g = -196. What is the hundreds digit of t?
1
Let m(r) = 35*r**2 - 14*r + 70. What is the units digit of m(4)?
4
Let f be -2 + (-2 - -4) - -2. Suppose -5*y - 446 = -2*h - 42, -2*h + 392 = -f*y. What is the units digit of h?
2
Let q = 66 - 218. Let g = 16 - q. What is the tens digit of g?
6
Let t(r) = -r + 9. Let h be t(6). Suppose -u = h*k + 2 - 12, 2*u + 2 = 5*k. What is the tens digit of 179/3 + k/6?
6
Let o = 9995 + -5985. What is the thousands digit of o?
4
Suppose -2*k = 14*k - 7984. What is the units digit of k?
9
Suppose 7*z + 853 = 4080. What is the hundreds digit of z?
4
Let r = 1 + -1. Suppose -272*j = -293*j + 1512. Suppose -3*a + r*a = -j. What is the tens digit of a?
2
Suppose 3*g + 2*w = 16, 5*g + 4*w - 5 = 23. Suppose 0 = b + g*b - 140. What is the units digit of b?
8
Let i = 420 + -269. What is the tens digit of i?
5
Let i = 15 + -10. Suppose 5*f = 5 + i. Suppose 5*z + 4*n - 130 = 0, -2*z + 5*n + 29 = f*n. What is the units digit of z?
2
Let z(k) = k**3 - 12*k**2 - 8*k + 22. Let u be z(12). Let l = -3 - u. What is the tens digit of l?
7
Suppose -i + 2*q - 2049 = -4*i, -5*i + 3440 = -5*q. What is the tens digit of i?
8
Let v = 24 - 26. Let w be 5 + 0 - 0/v. Suppose w*n - 3*n = -5*k + 73, -3*n + 5*k = -172. What is the tens digit of n?
4
Let v = 9 + -11. What is the units digit of ((-208)/(-24))/(v/(-15))?
5
Suppose b - 5970 = -3*b - 5*h, 0 = 2*b + 3*h - 2984. What is the hundreds digit of b?
4
Let y be ((-190)/(-3))/((-4)/(-6)). Suppose -o = -0*t + 3*t - 45, -3*o - t = -y. Suppose 0 = -0*q - 2*q + o. What is the tens digit of q?
1
Let x = 24 - 10. What is the tens digit of x?
1
What is the tens digit of 138/12*-1*-62?
1
Let b(k) = -3*k - 14. Let v be (-2 - 0)/((-4)/(-14)). Let f be b(v). Let r(n) = n**3 - 6*n**2 - 2*n + 5. What is the tens digit of r(f)?
4
Suppose 0*h - 3*a = -4*h + 6, -2*a = -2*h + 4. Suppose h = -5*t - p - 3*p + 239, -5*t - 5*p = -240. Let s = -19 + t. What is the tens digit of s?
2
Suppose -16716 = 13280*p - 13283*p. What is the units digit of p?
2
Suppose -82 + 1528 = 3*r + 4*y, -r - y + 482 = 0. What is the hundreds digit of r?
4
What is the units digit of (-8505)/(-7) - -2 - -1?
8
Let t = 44 - 24. Suppose -6*r = -r - t. Suppose r + 20 = 4*b. What is the units digit of b?
6
Suppose -4*z + 10507 = -3*h, 2618 = z + 18*h - 17*h. What is the thousands digit of z?
2
Let t = 37 - 26. Suppose -14*f + 15*f = t. What is the units digit of f?
1
Let u(j) = -58*j + 9. Let f be u(-4). Let l = -135 + f. What is the units digit of l?
6
Suppose 397 = c + 5*t, -630 - 617 = -3*c - t. What is the units digit of c?
7
Suppose 0 = -25*f + 16022 + 22778. What is the tens digit of f?
5
Let s(m) be the second derivative of m**5/20 - 3*m**4/4 - 3*m**3/2 + 7*m**2 - m. Let h be s(10). What is the units digit of h*(1 + 8/(-12))?
8
Let a(z) = 3*z**2 - z + 16. Let g(l) = -5*l**2 + 2*l - 31. Let w(d) = 11*a(d) + 6*g(d). What is the units digit of w(-7)?
0
Let f(x) = -1 + 2 - x - 4 + 6. Let y be f(-3). Suppose -y*i + 12 = -3*i. What is the units digit of i?
4
Let k = 115 + -176. Let o = k - -81. What is the units digit of o?
0
Let m = 16 + -6. Let v = m - 10. Suppose -4*k - 48 = -4*t - 0*k, 4*k - 12 = v. What is the units digit of t?
5
Let q(w) = 52*w**2 - 7*w + 13. What is the units digit of q(2)?
7
What is the units digit of (954/(-15))/(41/(-205))?
8
Suppose 5*i + 4*p - 12 = 11, -3*i + 1 = -4*p. What is the tens digit of 693/(-6)*(-2)/i?
7
Let l(f) = 2*f - 6. Let t be l(4). Suppose -3*w + 170 = t*w. What is the tens digit of w?
3
Let k = 557 + -20. What is the hundreds digit of k?
5
Let j(z) = -42*z + 201. What is the hundreds digit of j(-17)?
9
Suppose 2*q + 2*i = 18, -2*i = 4*q - 0*q - 26. Suppose -q*d + 3*j + 39 = -3*d, 3*d + j - 137 = 0. What is the units digit of d?
5
Let d be ((-4)/2 - -18) + 0. Let x = d - 12. Suppose 2*w - 28 = x*a - 0*a, 4*w + 2*a = 46. What is the units digit of w?
2
Suppose -2016 = -4*v - 3*d, -3*d - 1984 = -4*v + 2*d. Suppose 5*x + 81 = v. What is the units digit of x?
4
Let q(f) = 19*f - 12. Let j = -74 + 79. What is the tens digit of q(j)?
8
Let r(w) = 180*w**2 - w. Let o be r(-1). Let h = o + -93. What is the units digit of h?
8
Let c(a) = -2*a**3 + 5*a**2 - 75. What is the hundreds digit of c(-12)?
1
Suppose -3*p = 350 - 1031. What is the tens digit of p?
2
What is the hundreds digit of 651 - 0/(-2 - -12)?
6
Let k(q) = 7*q**2 - 7*q. Let i(l) = 8*l**2 - 7*l. Let y(c) = -6*i(c) + 7*k(c). Let h be y(6). Let v = 31 + h. What is the units digit of v?
5
Suppose -5*q - 4*g = -3*q - 302, g = 3*q - 432. What is the units digit of q?
5
Suppose -4*u + 21 = -19. Suppose -f - 5*j - u = -2*j, 5*j + 22 = f. Suppose 0 = -3*n + 3*p + 2*p + 34, 0 = f*n - 5*p - 16. What is the tens digit of n?
1
Let b(a) = -59*a**3 + 4*a**2 + a - 1. What is the tens digit of b(-2)?
8
Let q(g) be the second derivative of g**4/12 + g**3/6 - 13*g**2 - 31*g. What is the hundreds digit of q(11)?
1
What is the tens digit of -1 - -628 - -7*(-5)/35?
2
Suppose g - 3 = -1. Let z(p) = 5*p**g - p + 4*p - 4*p. What is the tens digit of z(2)?
1
Suppose -5*v = 5*t - 4*v - 5119, -t + 4*v = -1007. What is the thousands digit of t?
1
What is the thousands digit of (-5195)/(-2) - (-3)/6?
2
Let a(m) be the second derivative of -m**3/2 + 113*m**2/2 + 12*m. What is the tens digit of a(0)?
1
Let r(n) = 5*n**2 - 18*n + 3. Let k = 46 + -40. What is the tens digit of r(k)?
7
Suppose -7*d - 181 - 120 = 0. Suppose 2*o = p + 82, -4*p + 108 - 436 = o. Let m = d - p. What is the units digit of m?
9
Let q = -85 + 43. Let t = 83 + q. What is the tens digit of t?
4
Suppose 0 = -7*j - 12 + 1069. What is the hundreds digit of j?
1
Suppose -12 = u + 4*w, -4 + 0 = -2*u - w. Suppose 4*m = -u*t + 84, -6*m = -2*m + 4. What is the units digit of t?
2
Let j(m) = m**2 - 15*m - 13. Let o be j(17). Let y = -18 + o. Suppose -6*g = -3*g - y. What is the units digit of g?
1
Let v(z) = z**3 - 5*z**2 + z - 6. Let c be v(5). Let g(h) = 26*h**2 - h + 1. What is the units digit of g(c)?
8
Let x = 35 - 75. What is the units digit of (-272)/x*(-5)/(-1)?
4
Suppose -3*n + 1 = -2. Suppose l - 8 = -3*p, 5 - n = 4*p - 2*l. Suppose -p*i + 23 = -i. What is the tens digit of i?
2
Suppose -2*i + 2934 = -1852. What is the hundreds digit of i?
3
What is the hundreds digit of 224/(-4 - (-25)/5)?
2
Suppose 0 = 4*v + 5*x + 281, -9 = 4*x + 11. Let l = 160 - v. What is the tens digit of l?
2
Let t be 3/(-4)*(-8)/2. Suppose -7 + 211 = t*j. What is the units digit of j?
8
Let r(m) = -512*m**3 + 6*m**2 + 3*m - 6. What is the hundreds digit of r(-2)?
1
Suppose a + 2*h = 4005, 45*a + h = 49*a - 16011. What is the hundreds digit of a?
0
Suppose 0 = -3*t + 2*c - 4*c, -2 = -4*t - 2*c. Suppose -4*l - l + 255 = 5*n, -t*l = 4*n - 100. What is the units digit of l?
2
Suppose 228*n - 230*n = -1988. What is the tens digit of n?
9
Suppose -3*w - 3*v - 2 - 4 = 0, -4*w - 13 = 5*v. Suppose -16 = w*a - 283. What is the tens digit of a?
8
What is the tens digit of 31640/182 - 4/(-26)?
7
Let n = 117 - 223. Let s = 80 - 156. Let x = s - n. What is the tens digit of x?
3
Let n(v) = -4*v - 2. Let y(l) = -l. Let o(g) = -4*n(g) + 12*y(g). Let q be o(-7). Let x = -13 - q. What is the units digit of x?
7
Let i be 6/(-30) + (-21)/(-5). Let z be (-1200)/i*(-2)/4. Suppose -3*m - 60 = -z. What is the tens digit of m?
3
What is the units digit of (-1312702)/(-414) + (58/18 - 3)?
1
Let a = -18 + 18. Let m be 2 + a - (-1 - 0). Suppose -5*t = v - 123, -t - m*v + 17 = v. What is the units digit of t?
5
Let t(a) be the third derivative of -a**7/2520 + a**6/40 + 3*a**5/20 - 9*a**2. Let j(p) be the third derivative of t(p). What is the tens digit of j(-8)?
3
Let q(i) = -12*i + 4. Suppose -8 = 4*r + 8. What is the tens digit of q(r)?
5
Suppose 0*g - 7 = 4*a - 3*g, -4*a + 4*g = 12. Suppose -b + 644 = z + 3*z, 3*z = -a*b + 488. What is